{"id":37,"date":"2021-05-29T13:28:58","date_gmt":"2021-05-29T13:28:58","guid":{"rendered":"https:\/\/www.louismarchand.me\/?page_id=37"},"modified":"2023-04-16T19:41:49","modified_gmt":"2023-04-16T19:41:49","slug":"programmation-orientee-objet-1","status":"publish","type":"page","link":"https:\/\/www.louismarchand.me\/index.php\/programmation-orientee-objet-1\/","title":{"rendered":"Programmation orient\u00e9e objet 1"},"content":{"rendered":"<h2>Introduction<\/h2>\n<p>Ce cours sert \u00e0 appliquer les concepts appris dans Initiation \u00e0 la programmation et \u00e0 introduire les concepts de bases de la programmation orient\u00e9e objet. Il permet de faire :<\/p>\n<ul>\n<li style=\"list-style-type: none;\">\n<ul>\n<li>L\u2019application des concepts de programmation d\u00e9j\u00e0 appris.<\/li>\n<li>L\u2019introduction de concepts de programmation orient\u00e9e objet.\n<ul>\n<li>Ex : h\u00e9ritage simple, polymorphisme, encapsulation, le mod\u00e8le objet.<\/li>\n<\/ul>\n<\/li>\n<\/ul>\n<\/li>\n<\/ul>\n<h2>Le cours<\/h2>\n<h4><a href=\"https:\/\/www.louismarchand.me\/index.php\/retour-sur-le-langage-java\/\">Retour sur le langage Java<\/a><\/h4>\n<h4><a href=\"https:\/\/www.louismarchand.me\/index.php\/les-routines\/\">Les routines<\/a><\/h4>\n<h4><a href=\"https:\/\/www.louismarchand.me\/index.php\/javadoc\/\">Documenter un code Java avec Javadoc<\/a><\/h4>\n<h4><a href=\"https:\/\/www.louismarchand.me\/index.php\/la-programmation-orientee-objet\/\">Bases de la programmation orient\u00e9e objet<\/a><\/h4>\n<h4><a href=\"https:\/\/www.louismarchand.me\/index.php\/masquage-de-linformation\/\">Masquage de l&rsquo;information<\/a><\/h4>\n<h4><a href=\"https:\/\/www.louismarchand.me\/index.php\/lheritage\/\">L&rsquo;h\u00e9ritage<\/a><\/h4>\n<h4><a href=\"https:\/\/www.louismarchand.me\/index.php\/polymorphisme\/\">Le polymorphisme<\/a><\/h4>\n<h4><a href=\"https:\/\/www.louismarchand.me\/index.php\/methodes-abstraites-et-classes-abstraites\/\">M\u00e9thodes et classes abstraites<\/a><\/h4>\n<h4><a href=\"https:\/\/www.louismarchand.me\/index.php\/redefinition-de-methode\/\">Red\u00e9finition de m\u00e9thode<\/a><\/h4>\n<h4><a href=\"https:\/\/www.louismarchand.me\/index.php\/encapsulation\/\">L&rsquo;encapsulation<\/a><\/h4>\n<h4><a href=\"https:\/\/www.louismarchand.me\/index.php\/interface-en-java-et-c\/\">Les interfaces<\/a><\/h4>\n<p><!-- \n\n<h4><a href=\"https:\/\/www.louismarchand.me\/index.php\/les-fichiers-en-java\/\">L'utilisation de fichiers en Java<\/a><\/h4>\n\n --><\/p>\n<hr>\n<p>Auteur: Louis Marchand<br \/>\n<a href=\"https:\/\/creativecommons.org\/licenses\/by\/4.0\/deed.fr\" target=\"_blank\" rel=\"license noopener noreferrer\"><img decoding=\"async\" src=\"https:\/\/i.creativecommons.org\/l\/by\/4.0\/80x15.png\" alt=\"Creative Commons License\"><\/a><br \/>\nSauf pour les sections sp\u00e9cifi\u00e9es autrement, ce travail est sous licence <a href=\"https:\/\/creativecommons.org\/licenses\/by\/4.0\/deed.fr\" target=\"_blank\" rel=\"license noopener noreferrer\">Creative Commons Attribution 4.0 International<\/a>.<\/p>\n","protected":false},"excerpt":{"rendered":"<p>Introduction Ce cours sert \u00e0 appliquer les concepts appris dans Initiation \u00e0 la programmation et \u00e0 introduire les concepts de bases de la programmation orient\u00e9e objet. Il permet de faire : L\u2019application des concepts de programmation d\u00e9j\u00e0 appris. L\u2019introduction de concepts de programmation orient\u00e9e objet. Ex : h\u00e9ritage simple, polymorphisme, encapsulation, le mod\u00e8le objet. Le&hellip; <a class=\"more-link\" href=\"https:\/\/www.louismarchand.me\/index.php\/programmation-orientee-objet-1\/\">Continue reading <span class=\"screen-reader-text\">Programmation orient\u00e9e objet 1<\/span><\/a><\/p>\n","protected":false},"author":1,"featured_media":0,"parent":0,"menu_order":0,"comment_status":"closed","ping_status":"closed","template":"","meta":{"footnotes":""},"class_list":["post-37","page","type-page","status-publish","hentry","entry"],"_links":{"self":[{"href":"https:\/\/www.louismarchand.me\/index.php\/wp-json\/wp\/v2\/pages\/37","targetHints":{"allow":["GET"]}}],"collection":[{"href":"https:\/\/www.louismarchand.me\/index.php\/wp-json\/wp\/v2\/pages"}],"about":[{"href":"https:\/\/www.louismarchand.me\/index.php\/wp-json\/wp\/v2\/types\/page"}],"author":[{"embeddable":true,"href":"https:\/\/www.louismarchand.me\/index.php\/wp-json\/wp\/v2\/users\/1"}],"replies":[{"embeddable":true,"href":"https:\/\/www.louismarchand.me\/index.php\/wp-json\/wp\/v2\/comments?post=37"}],"version-history":[{"count":36,"href":"https:\/\/www.louismarchand.me\/index.php\/wp-json\/wp\/v2\/pages\/37\/revisions"}],"predecessor-version":[{"id":788,"href":"https:\/\/www.louismarchand.me\/index.php\/wp-json\/wp\/v2\/pages\/37\/revisions\/788"}],"wp:attachment":[{"href":"https:\/\/www.louismarchand.me\/index.php\/wp-json\/wp\/v2\/media?parent=37"}],"curies":[{"name":"wp","href":"https:\/\/api.w.org\/{rel}","templated":true}]}}