{"id":498,"date":"2022-01-19T21:12:13","date_gmt":"2022-01-19T21:12:13","guid":{"rendered":"https:\/\/www.louismarchand.me\/?page_id=498"},"modified":"2023-02-06T18:50:46","modified_gmt":"2023-02-06T18:50:46","slug":"quest-ce-que-le-logiciel-libre","status":"publish","type":"page","link":"https:\/\/www.louismarchand.me\/index.php\/quest-ce-que-le-logiciel-libre\/","title":{"rendered":"Qu&rsquo;est-ce que le logiciel libre"},"content":{"rendered":"<h2>D\u00e9finition<\/h2>\n<p>Formellement, un logiciel libre est un logiciel qui permet \u00e0 ses utilisateurs de l&rsquo;ex\u00e9cuter, de le copier, de le distribuer, de l&rsquo;\u00e9tudier, de le modifier et de l&rsquo;am\u00e9liorer.<\/p>\n<h2>Raison de s&rsquo;en pr\u00e9occuper<\/h2>\n<p>Il y a plusieurs raisons pour lesquelles certaines personnes utilisent des logiciels libres. En g\u00e9n\u00e9ral, les aspects sont les suivants:<\/p>\n<ul>\n<li>Accessibilit\u00e9: Puisque les utilisateurs de logiciels libres ont acc\u00e8s au code source du logiciel, il est possible de les porter vers diff\u00e9rentes architectures (syst\u00e8me d&rsquo;exploitation, architecture mat\u00e9rielle, etc.)<\/li>\n<li>S\u00e9curit\u00e9: Puisque les utilisateurs de logiciels libres ont acc\u00e8s au code source du logiciel, il est possible d&rsquo;\u00e9valuer ce dernier afin de discerner les probl\u00e9matiques de s\u00e9curit\u00e9 que ce logiciel pourrait contenir. En effet, contrairement au logiciel ferm\u00e9 (ou propri\u00e9taire), il est possible d&rsquo;avoir un audit ind\u00e9pendant d&rsquo;un logiciel libre (par exemple, des audits de <a href=\"https:\/\/url.libreti.net\/6\" rel=\"noopener\" target=\"_blank\">Linux<\/a>, <a href=\"https:\/\/url.libreti.net\/3\" rel=\"noopener\" target=\"_blank\">Veracrypt<\/a>, <a href=\"https:\/\/url.libreti.net\/4\" rel=\"noopener\" target=\"_blank\">OpenVPN<\/a>,\u00a0 <a href=\"https:\/\/url.libreti.net\/2\" rel=\"noopener\" target=\"_blank\">Firefox<\/a>, <a href=\"https:\/\/url.libreti.net\/5\" rel=\"noopener\" target=\"_blank\">Git<\/a>);<\/li>\n<li>Adaptable: Puisque les utilisateurs de logiciels libres ont acc\u00e8s au code source du logiciel, il est possible d&rsquo;adapter le logiciel selon ses besoins. Il va de soi que cet aspect est plut\u00f4t un plus pour les programmeurs (comme vous);<\/li>\n<li>Id\u00e9ologie: Contrairement aux logiciels propri\u00e9taires, les logiciels libres ne font pas accepter de contrat de licence d&rsquo;utilisation. Ces contrats ont g\u00e9n\u00e9ralement des impacts potentiels juridiques difficiles \u00e0 \u00e9valuer par une personne n&rsquo;ayant pas de tr\u00e8s bonnes comp\u00e9tences en droit;<\/li>\n<li>Etc.: Il y en a d&rsquo;autres, mais ceux-ci sont les plus courants.<\/li>\n<\/ul>\n<p><a href=\"https:\/\/www.louismarchand.me\/index.php\/projet-dans-un-contexte-de-logiciel-libre\/\">Retour<\/a><\/p>\n<hr>\n<p>Auteur: Louis Marchand<br \/>\n<a href=\"https:\/\/creativecommons.org\/licenses\/by\/4.0\/deed.fr\" target=\"_blank\" rel=\"license noopener noreferrer\"><img decoding=\"async\" src=\"https:\/\/i.creativecommons.org\/l\/by\/4.0\/80x15.png\" alt=\"Creative Commons License\"><\/a><br \/>\nSauf pour les sections sp\u00e9cifi\u00e9es autrement, ce travail est sous licence <a href=\"https:\/\/creativecommons.org\/licenses\/by\/4.0\/deed.fr\" target=\"_blank\" rel=\"license noopener noreferrer\">Creative Commons Attribution 4.0 International<\/a>.<\/p>\n","protected":false},"excerpt":{"rendered":"<p>D\u00e9finition Formellement, un logiciel libre est un logiciel qui permet \u00e0 ses utilisateurs de l&rsquo;ex\u00e9cuter, de le copier, de le distribuer, de l&rsquo;\u00e9tudier, de le modifier et de l&rsquo;am\u00e9liorer. Raison de s&rsquo;en pr\u00e9occuper Il y a plusieurs raisons pour lesquelles certaines personnes utilisent des logiciels libres. En g\u00e9n\u00e9ral, les aspects sont les suivants: Accessibilit\u00e9: Puisque&hellip; <a class=\"more-link\" href=\"https:\/\/www.louismarchand.me\/index.php\/quest-ce-que-le-logiciel-libre\/\">Continue reading <span class=\"screen-reader-text\">Qu&rsquo;est-ce que le logiciel libre<\/span><\/a><\/p>\n","protected":false},"author":1,"featured_media":0,"parent":0,"menu_order":0,"comment_status":"closed","ping_status":"closed","template":"","meta":{"footnotes":""},"class_list":["post-498","page","type-page","status-publish","hentry","entry"],"_links":{"self":[{"href":"https:\/\/www.louismarchand.me\/index.php\/wp-json\/wp\/v2\/pages\/498","targetHints":{"allow":["GET"]}}],"collection":[{"href":"https:\/\/www.louismarchand.me\/index.php\/wp-json\/wp\/v2\/pages"}],"about":[{"href":"https:\/\/www.louismarchand.me\/index.php\/wp-json\/wp\/v2\/types\/page"}],"author":[{"embeddable":true,"href":"https:\/\/www.louismarchand.me\/index.php\/wp-json\/wp\/v2\/users\/1"}],"replies":[{"embeddable":true,"href":"https:\/\/www.louismarchand.me\/index.php\/wp-json\/wp\/v2\/comments?post=498"}],"version-history":[{"count":11,"href":"https:\/\/www.louismarchand.me\/index.php\/wp-json\/wp\/v2\/pages\/498\/revisions"}],"predecessor-version":[{"id":775,"href":"https:\/\/www.louismarchand.me\/index.php\/wp-json\/wp\/v2\/pages\/498\/revisions\/775"}],"wp:attachment":[{"href":"https:\/\/www.louismarchand.me\/index.php\/wp-json\/wp\/v2\/media?parent=498"}],"curies":[{"name":"wp","href":"https:\/\/api.w.org\/{rel}","templated":true}]}}